*j. Let c(q) = -3*q**3 + 0*q + 6*q**2 + 4*q**3 + 4*q + 2*q + 6. What is c(j)?
14
Let g(a) = a + 7. Suppose 0 = 5*z - 3*t + 32, 5*z + 3*t + 2 = -6. Let x be g(z). Suppose 9 = x*d + 12. Let u(r) = -r**3 - 2*r**2 - 2*r - 1. Calculate u(d).
0
Let n(s) be the second derivative of s**3/6 - 3*s**2 - 3*s. Let y be n(9). Let t(c) = -c + y*c**2 + 4 - 2*c**2 - 10. Calculate t(0).
-6
Let a(d) = -d**3 + 4*d**2 - d - 5. Let h = 10 + 3. Suppose 0 = 3*t - 5*t - 18. Let r = h + t. Determine a(r).
-9
Let b(f) = 6*f**2 - 84*f - 3. Let o be b(14). Let t(z) = 2*z - 5. Calculate t(o).
-11
Let k(q) = -q**2 - 2*q + 2. Suppose 4*l - 7*l = f + 3, -5*f = 0. Let b be (l - (-10)/(-5)) + 4/(-2). Determine k(b).
-13
Let w(u) = u**3 + 3*u**2 - 2*u. Let j = -759 + 755. Calculate w(j).
-8
Suppose 15 + 0 = 3*k. Suppose 0 = f - 3 - 1, -12 = -k*b + 2*f. Let v(w) = w**2 - 6*w + 2. What is v(b)?
-6
Let s = 76 + -77. Let k be (-2 - 4) + 3 + s. Let g(u) = 2*u + 4. What is g(k)?
-4
Let u(j) = 2*j**3 + j**2 + 2*j + 2. Let n(q) = 3*q**3 + 2*q**2 + 2*q + 2. Let x(z) = 3*n(z) - 4*u(z). Let p be x(-3). Let f(b) = -2*b - 1. Determine f(p).
9
Let b(f) be the third derivative of f**7/2520 + f**6/720 + f**5/40 + 11*f**4/24 - 6*f**2. Let o(k) be the second derivative of b(k). Calculate o(0).
3
Let l = -4 - -6. Let j(k) = -2*k + 7*k**l - 3*k**2 - k**3 - k + 4. Suppose 0 = -6*m + m + 20. Give j(m).
-8
Let j(p) be the first derivative of p**4/4 - p**3 + 3*p**2/2 - 2*p + 253. Give j(4).
26
Let y(n) be the first derivative of -n**2/2 + 11*n - 177. What is y(-10)?
21
Let j(r) = r**3 - 7*r**2 + 5*r + 6. Let x = -400 + 406. Determine j(x).
0
Let h(m) be the third derivative of m**5/60 + 5*m**4/12 - 2*m**3 - 6*m**2. Let j be h(-11). Let w(p) = -4*p**3. Give w(j).
4
Let r be (-444)/(-15) + 9/30*-2. Let p(u) = 23*u + 7 - r*u - 3 + u**2. Give p(3).
-5
Let m(z) be the second derivative of z**4/12 + 11*z**3/6 + z - 172. Determine m(-12).
12
Let o(d) = -14*d - 5 - 3 + 15*d - 5. Determine o(7).
-6
Let d(n) = -n**2 - 6*n + 5. Suppose 0 = 2*r + g - 20, -5*r = -4*r - 4*g - 28. Let k = 16 - r. Suppose -2*y - h = -5*h + 4, 4*h = k*y + 16. Determine d(y).
5
Let z(w) = w**2 - 14*w + 18. Let r be z(13). Let k = 19 + -9. Suppose k*n - r*n = 15. Let m(s) = s**3 - s**2 - 2*s - 2. What is m(n)?
10
Let w be -9*(0 - (0 + 1)). Suppose -w*i - 15 = -12*i. Let m(b) be the first derivative of -b**3/3 + b**2 + 4*b - 2. What is m(i)?
-11
Let d(g) = 7*g**2 - 16*g + 29. Let w(h) = 3*h**2 - 8*h + 13. Let t(r) = 2*d(r) - 5*w(r). Let j be (1 - 2)*(-10)/2. What is t(j)?
8
Let i be 4 + 23 - -2*(-4)/8. Let f(t) = i*t + 28*t - 55*t + 17. What is f(0)?
17
Let k(s) = -6*s**3 - 7*s**2 - 3*s + 2. Let c(z) = -5*z**3 - 6*z**2 - 3*z + 1. Let a(i) = -3*c(i) + 2*k(i). Let r(g) = 13*g - 886. Let v be r(68). Give a(v).
-13
Let i = 9 - 18. Let s be i/15 + 297/45. Let j(b) = -b + 14. Calculate j(s).
8
Suppose 26 - 2 = -4*d. Let i(a) = -27*a**2 + 13*a + 3 - 4*a - 2*a**2 + 30*a**2. Give i(d).
-15
Let f(w) be the first derivative of -2*w**2 + 5*w + 1/3*w**3 + 1. Let t be f(3). Let q(x) = -8*x. Give q(t).
-16
Let z(p) = p**2 + 7*p - 7. Let q(s) = -s**3 + 8*s**2 - 6*s - 44. Let n be q(6). Determine z(n).
1
Suppose 0 = 6*o - 11 - 1. Let q(l) be the first derivative of -l**2 + l + 2. Let m(w) = 5*w - 1. Let y(n) = -3*m(n) - 5*q(n). Give y(o).
-12
Let v(i) = i + 20. Let q be v(-5). Suppose 3*j - q = 0, 4*j - 3*j = -3*n + 32. Let f(g) = g**3 - 8*g**2 - 10*g + 6. Give f(n).
-3
Let z(l) = l - 13. Let a = 385 + -374. Give z(a).
-2
Let c be ((-2)/(-3))/((-1)/(-3) + 0). Let b(s) = 16 - s**2 - 10 - c - 5. Determine b(-4).
-17
Let z(d) = 4*d. Let c(u) = 7*u. Suppose -28*n = -32*n - 12. Let l(x) = n*c(x) + 5*z(x). Suppose -5*b = 4*m + 3, 0*b - 5*m + 3 = 4*b. What is l(b)?
3
Let n(g) = -g**2 - 7 - g + 11*g - 14 + 5. Let m be n(7). Let f(x) be the second derivative of -x**5/20 + 5*x**4/12 + x**3/6 - 3*x**2/2 + x. Give f(m).
2
Suppose -5*h - 1 = -11. Suppose -d + 13 = -h. Let q be (18/d)/(3/10). Let b(x) = x + 4. Give b(q).
8
Suppose c = 3*d - 12, 0 = -d - 3*c + 12 + 2. Let s(a) = 3*a + 2. Determine s(d).
17
Let m(v) be the first derivative of v**2 - 5*v + 1. Give m(5).
5
Let f(v) = -3*v**3 + 2*v**2 - 1. Suppose 2*w - 3 = 5*g, -4 = 5*g + 1. Give f(w).
4
Let c(y) = -148 + 440 + 2*y - 144 - 149. Give c(-4).
-9
Let j(s) = s**3 + 8*s**2 - 7*s + 12. Suppose 353*g = 350*g - 27. Determine j(g).
-6
Let o(t) = 2*t + 1. Let g be o(10). Let j be -1*(2 - g - -4). Suppose -j = a + 2*a. Let v(k) = -k + 2. What is v(a)?
7
Suppose 2*i + 3*h + 2 = 8, 0 = -4*i + 2*h + 12. Let f be (i - 0) + 0/(-1). Let n(z) = -10*z + f - 6*z + z**2 + 11*z. What is n(6)?
9
Let f = 83/2 + -41. Let a(d) be the first derivative of 6*d + f*d**2 + 2. What is a(-5)?
1
Let s = 0 + -3. Let a(j) = 3 + j**3 + 3*j + 291*j**2 + 341*j**2 - 630*j**2. What is a(s)?
-15
Let l(r) = -3*r**2 + 16*r - 37. Let t(u) = -u**2 + 5*u - 12. Let n(f) = 3*l(f) - 8*t(f). Let p be n(4). Let v(g) = -2 + 8*g + 5 - 4. Give v(p).
7
Let p(w) = -2*w + 1. Let t(b) = 451*b**2 + 3*b + 2. Let l be t(-1). Let r be (4/10)/(5/l). Suppose 2*n + 24 = -4*z, 4*z + r = -6*n + 2*n. What is p(n)?
13
Let u be (-1 - (-4 + 2)) + 16. Suppose -u*v = -20*v. Let h(p) = -p - 3 - 5 + 4 - 1. What is h(v)?
-5
Suppose 7 - 29 = b. Let y = b + 25. Let d(q) be the third derivative of -q**5/60 + q**4/8 - 7*q**2. What is d(y)?
0
Suppose 0 = -2*y - y - 4*r + 23, 0 = -5*y - 3*r + 31. Let b(m) = m - 7. Let p be b(9). Let q(k) = k - 4*k - 7*k**p + 8*k**2 + 5. What is q(y)?
15
Let h be ((-4)/(-5))/((-6)/(-15)). Let g be 3 - 3/6*-4. Suppose 3*v - 6 = h*v + 4*q, -g*v + 4*q + 14 = 0. Let c(d) = -d**3 + d - 1. Calculate c(v).
-7
Let s(o) = -o**2 - o - 3. Let k be ((-36)/63 - -1)/((-2)/(-14)). Determine s(k).
-15
Let j(s) = 4*s**2 - 2*s - 7. Let q(p) = -17*p**2 + 9*p + 28. Let r(m) = 9*j(m) + 2*q(m). Determine r(-5).
43
Let y(h) be the third derivative of h**5/60 + 5*h**4/24 + h**3/2 - 3*h**2. Give y(-6).
9
Let m be -1 - -2*9/6. Let d(a) = -4*a + 5*a - 37*a**2 - 2*a + 36*a**m + 3. Determine d(0).
3
Let d = 3 - 2. Let w(x) = -2*x**2 - 1. Let v be w(d). Let j(n) = -3. Let r(a) = a**2 + a - 12. Let o(i) = 4*j(i) - r(i). What is o(v)?
-6
Let a(g) = -3*g - 7. Let h = -32 + 25. Let r(k) = -4*k - 10. Let c(b) = h*a(b) + 5*r(b). Give c(-6).
-7
Let z(c) = c + 4. Suppose 2*b - 5*b = 0. Suppose 3*l = -b*l - 21. Let j(v) = -v**2 - 6*v + 2. Let d be j(l). Give z(d).
-1
Let k(g) = g - 3. Let h be 42/36 + (-1)/6. Let o be (-1 + h)/(-4)*-1. Calculate k(o).
-3
Let c = -7 - -11. Suppose 1 = -c*p + 3*p + t, -5*p + 2*t = -7. Let n(k) = -k + 3*k + 0 + 1 - p*k. What is n(7)?
-6
Let w(r) be the third derivative of r**7/2520 + r**6/240 - r**5/120 - r**4/8 + 29*r**2. Let u(s) be the second derivative of w(s). Calculate u(2).
9
Let n(k) = k**2 - k - 1. Let j(h) = -3*h**2 + 10*h. Let v(a) = -j(a) - 4*n(a). Suppose 7 + 33 = 4*l. Let m be (7/(-2))/(5/l). Calculate v(m).
-3
Let m(b) = 2*b + 10 - 7*b + 4*b. Let r be m(8). Let k(u) = -3*u - 2*u - 2 - r*u + u**2 - 4. What is k(7)?
-6
Let r(n) be the first derivative of -n**2 + n - 84. Determine r(4).
-7
Suppose -58*k - 44 = -36*k. Let o(l) = 6*l + 12. Determine o(k).
0
Suppose -177*w = -172*w - 25. Let c(y) = y**2 - 3*y + 4. Determine c(w).
14
Let m(u) be the third derivative of -u**7/2520 + u**6/180 + 3*u**5/10 + 22*u**2. Let z(d) be the third derivative of m(d). Give z(7).
-10
Let f(r) = 2 + 35 - 23 - r. Calculate f(7).
7
Let n(u) = 4*u - 10. Let t(z) = 3*z**2 + 76*z - 153. Let w be t(2). Calculate n(w).
34
Let j be 5/2 - (-2)/(-4). Suppose -i = -j*i + 3, -s = 4*i - 14. Let n(o) = 9 + 3 + 5*o + 4 + 2*o - 18. Determine n(s).
12
Let v(y) = -y**3 - 9*y**2 - 23*y - 22. Let b be v(-5). Let g(m) = 3*m + 8. Calculate g(b).
-13
Suppose -4*l + 8*c - 11*c - 5 = 0, -3*c - 7 = 2*l. Let v(k) = -1 - 3*k**2 + 2 + 2*k**2 + 12*k**3. Calculate v(l).
12
Let j(p) = -316*p**3 - 2*p**2 - 3*p - 7. Let n be j(-2). Let w(x) = -4 - 5*x - n*x**2 + 8 + 2522*x**2. Calculate w(3).
16
Suppose -2*u + 3*p = -2, 3*u - 3*p = -5 + 2. Let l(g) = 1. Let y(w) = w - 8. Let c(x) = u*l(x) - y(x). Let n = -7 + 10. Calculate c(n).
0
Let c(a) = -a + 7. Suppose -237 - 118 = 5*p. Let u = -71 - p. Determine c(u).
7
Let i(y) be the second derivative of 0 - 2/3*y**4 - 5/3*y**3 + 1/20*y**5 + 15*y + 1/2*y**2. 